What are the prime factors of k(s)?
3, 7
Suppose -166*h = -5*x - 165*h + 4428, -3538 = -4*x + 3*h. What are the prime factors of x?
2, 443
Suppose 0 = -5*l - 4*p + 52870, 15950 - 58205 = -4*l + 5*p. List the prime factors of l.
2, 5, 7, 151
Let g = 345 - 33. Let f = -121 + g. Let c = f + 84. List the prime factors of c.
5, 11
Suppose 19*d = -15*d - 30*d + 103488. List the prime factors of d.
3, 7, 11
Let n(u) = -u**2 - 26*u - 11. Let l be n(-5). Suppose 2*b - l = -b - 5*g, 5*g - 117 = -4*b. What are the prime factors of b?
23
Suppose 2*y = -z + 14, -7*z = -2*y - 12*z + 22. List the prime factors of 152/y*(1 - -6 - 1).
2, 19
Let h(t) = -163*t**3 - 9*t**2 - 21*t - 79. List the prime factors of h(-4).
3, 47, 73
Suppose x + o + 157 = 0, 5*x + 4*o + 58 = -728. Let a = 109 - x. List the prime factors of a.
3, 89
Suppose t = 4*l + 20, 3*t - 32 = -3*l + 8*l. Suppose -t*k - w = 4*w + 15, 2*k - 5*w - 15 = 0. Let u(x) = x**3 - 3*x + 70. List the prime factors of u(k).
2, 5, 7
Let m = -295 - -271. Let d(k) = -19*k - 20. What are the prime factors of d(m)?
2, 109
Let y = 10328 - 2211. What are the prime factors of y?
8117
Suppose 0 = 4*a - 16, -d - 4*a = -12 - 7. Suppose -4*y + 6263 = -c, -43 = d*y - 5*c - 4736. What are the prime factors of y?
2, 3, 29
Let k(d) = 20*d**2 + 381*d + 298. List the prime factors of k(-41).
3, 19, 107
Suppose -18658 - 26806 = -8*v. List the prime factors of v.
5683
Let r be ((-2)/(-4))/(6/(-2508))*-2. Let f = -41 + r. List the prime factors of f.
13, 29
Let q(b) be the second derivative of 35*b**4/4 - 3*b**2/2 + 7*b. What are the prime factors of q(2)?
3, 139
Let r be 629/6 + 1/6. List the prime factors of 10/(-75) + -2402*(-7)/r.
2, 5
Let n(t) = 37*t - 29. Let i be n(7). Let l be (-16)/64 - (-2)/8. Suppose 6*x - x - i = l. List the prime factors of x.
2, 23
Let q be (-5 - -2)*-4*3. Suppose 0 = -15*u + q*u - 5061. What are the prime factors of u?
241
Let b = -3261 + 6991. List the prime factors of b.
2, 5, 373
Suppose -90*c - 2*c + 313444 = 0. What are the prime factors of c?
3407
Suppose 4*j - 16 = 0, -j = -904*a + 902*a + 90934. List the prime factors of a.
41, 1109
Suppose -22*f = -26*f + 5*m + 24182, 4*m = 2*f - 12088. What are the prime factors of f?
2, 3, 7
Let s = -1591 - -10629. List the prime factors of s.
2, 4519
Let c(p) = -2*p**3 - 47*p**2 - 96*p + 106. List the prime factors of c(-31).
17497
Let d(v) = 102 + 56*v - 187*v + 84*v. What are the prime factors of d(-7)?
431
Let v = -78236 + 134944. List the prime factors of v.
2, 14177
Let g be 10/2*-5*(-10)/(-125). List the prime factors of (-171 + 25)/(g/3).
3, 73
Suppose -7064*r - 4496 = -7065*r. List the prime factors of r.
2, 281
Let t(u) = -u**3 + 7*u + 3. Let y(f) = -2*f**2 - 13*f - 1. Let n be y(-7). Let b be t(n). Suppose -153 = -4*m + b. List the prime factors of m.
3, 17
Let k(n) = -140*n + 75. Let h(f) = -46*f + 25. Let a(l) = -17*h(l) + 6*k(l). List the prime factors of a(-4).
257
Let q be 0/(4/(-12)*3). Suppose q = d - 35 - 32. Let l = 186 - d. List the prime factors of l.
7, 17
Let u(f) = 542*f**2 - 5*f - 42. Let k be u(-4). Suppose -16*w + k = 362. List the prime factors of w.
2, 7, 37
Let o be (-27)/2*(-200)/(-30). Let z(y) = y**3 - 18*y**2 - 25*y + 13. Let b be z(19). Let m = o - b. What are the prime factors of m?
11
Let c = 19026 + -4443. List the prime factors of c.
3, 4861
Let d(u) = -17*u**3 + 2*u**2 - 59*u - 117. List the prime factors of d(-10).
3, 43, 137
Suppose 0 = -5*s - 30, s = 42*q - 45*q + 51651. List the prime factors of q.
67, 257
Suppose -4*d - 4 = 0, 4*k + 7 = 3*d - 2*d. Let h(c) = -6 - 61*c + 60*c + 5 - 45*c. List the prime factors of h(k).
7, 13
Let f(l) = 321*l + 211. What are the prime factors of f(7)?
2, 1229
Let o(z) = 9*z**2 - 47*z + 324. List the prime factors of o(29).
2, 5, 653
Let d(g) = -3*g**3 - g**2 - 5*g - 13. Let t(o) = o**2 - 35*o - 80. Let n be t(37). List the prime factors of d(n).
17, 37
Suppose -5*s + 2*w + 299 = -199, 3*w = 5*s - 497. Let f = 236 + s. Suppose -z = -7*z + f. List the prime factors of z.
2, 7
Suppose 4612096 = 10*u + 118*u. List the prime factors of u.
2, 563
List the prime factors of (-16664167)/(-897) + (0 - (-4)/(-6)).
13, 1429
What are the prime factors of 4/(4 + 0) - -14891?
2, 3, 17, 73
Suppose 1602*l + 75312 = 1611*l. What are the prime factors of l?
2, 523
Let d be (-8)/(-600)*10 + 3782/(-15). List the prime factors of (-8 - -13) + (-1 - 0 - d).
2
Let q be (488/16 - 5)*(-6)/(-9). List the prime factors of 529 + q + (1 - 1).
2, 3, 7, 13
Let c(x) = -2527*x - 2341. What are the prime factors of c(-6)?
12821
Suppose 3*q - 10 = 2*n, -10*q + 16 = -5*q - 3*n. Suppose 0 = -4*u - 4*b + 1860, -3*u - q*b + 7*b = -1363. What are the prime factors of u?
461
Let j(i) be the first derivative of -35*i + 40 + 1/4*i**4 + 15*i**2 - 26/3*i**3. What are the prime factors of j(25)?
2, 3, 5
Let i(n) = -17*n + 2. Let x be i(0). Suppose -2*h = -x*m - 1849 + 539, 2*m + 6 = 0. List the prime factors of h.
2, 163
Let u(h) = 3*h**3 - 2*h**2 - 12*h + 27. Let i be u(4). Let l = 879 + i. List the prime factors of l.
2, 509
Let f(y) = y**3 - 30*y**2 + 5*y - 171. List the prime factors of f(34).
3, 23, 67
Let s = 35217 + -24636. What are the prime factors of s?
3, 3527
Let m = 715 + -426. Suppose -288*i - 847 = -m*i. List the prime factors of i.
7, 11
Let h = 36 + 24. Let b(f) = -f**3 + 4*f**2 + 6*f - 1. Let c be b(4). Let t = c + h. What are the prime factors of t?
83
Let q(d) = -56*d + 35. Let g be q(-3). Suppose -g*b + 207*b - 1220 = 0. What are the prime factors of b?
5, 61
Let d = 4148 + -2629. Let z = -767 + d. List the prime factors of z.
2, 47
Let j(r) = -r. Let s(o) = 638*o - 6. Let t(u) = -8*j(u) + s(u). List the prime factors of t(1).
2, 5
What are the prime factors of (-23)/(2346/(-1022737)) - 2/(-12)?
37, 271
Suppose y - 24 = -5*y. List the prime factors of (y - 2)/((45/(-186))/(-15)).
2, 31
Let j be (-5 - -7) + (-9)/(-3). Suppose -w - 4 = -j*c + 2*c, -w - 2*c = -6. Suppose 0 = w*l + 2, 0 = 4*y - 2*y + 4*l - 114. What are the prime factors of y?
59
Let g = 14289 + -3461. What are the prime factors of g?
2, 2707
Let f be 1403 + (6/33 - (-318)/66). Let x = -934 + f. List the prime factors of x.
2, 3, 79
List the prime factors of ((-2)/((-6)/3))/((-135)/(-1299645)).
3, 3209
Let k = 3733 - 2395. What are the prime factors of k?
2, 3, 223
Let m be 318/9 + -4 + 33/9. Suppose 37*j = m*j + 574. What are the prime factors of j?
7, 41
Let f(z) = 7*z**2 - 8*z**2 - 56*z + 18*z + 7. What are the prime factors of f(-33)?
2, 43
Suppose -84 = -6*b + 6. Suppose -2*f - 10 = 4*s - 4, -3*s = -5*f - b. Suppose 3*m + s*m - 276 = 0. List the prime factors of m.
2, 23
Let p = 167 - 151. Let x = 2 + 0. Suppose -10 = x*a, -p = c - 2*a - 75. What are the prime factors of c?
7
Suppose 0 = 693*i - 722*i + 144971. What are the prime factors of i?
4999
Let b = 423 + -400. Suppose 4*f + m + b = 1520, 4*f - m = 1503. What are the prime factors of f?
3, 5
Suppose 4*q = 5*n + 1535, 157*n - 158*n = q - 386. Let u be (-4)/(-6) + 214/3. Suppose -3*h + q = -v, 3*h - u = -3*v + 297. List the prime factors of h.
127
Let w(i) = 60*i**2 - 78*i + 256. List the prime factors of w(-23).
2, 5, 31, 109
Suppose -3*i + 69363 = -10*h + 12*h, -92506 = -4*i + h. What are the prime factors of i?
5, 37
Suppose -52045 = -2*x - 3*r, -r - 82591 = -4*x + 21492. List the prime factors of x.
26021
Let d(v) = -2235*v + 2231*v + 32 + 2. Let f be d(8). Suppose 261 = f*y + 3*o, -5*y + 5*o = -2*y - 382. What are the prime factors of y?
3, 43
Let i(d) = -d - 59. Let o = -32 + 34. Let r(c) = -3*c - 177. Let h(a) = o*r(a) - 7*i(a). What are the prime factors of h(-21)?
2, 19
Suppose 4*n = 12, -3*n + 1 + 3 = 5*i. Let r be (((-4 - -7) + -3)/i)/1. Let o(s) = -s**2 + 4*s + 121. List the prime factors of o(r).
11
Let c(m) = -m**3 + 5*m**2 - 4*m + 1. Let u be c(4). Suppose -u = 4*o - 25. Let w(r) = r**2 + 7*r - 9. List the prime factors of w(o).
3, 23
Let p = -711 - -1173. Let l = 1177 - p. What are the prime factors of l?
5, 11, 13
Let k(l) = 23*l**2 - 10*l + 276. What are the prime factors of k(19)?
8389
Let k = 30999 + 475. What are the prime factors of k?
2, 15737
Let u(r) = 31*r + 133. Let q be u(26). Let v = q - 418. What are the prime factors of v?
521
Suppose 2*c = 2*p +